{"id":2069,"date":"2025-07-19T13:24:48","date_gmt":"2025-07-19T10:24:48","guid":{"rendered":"https:\/\/uxstudio.com.tr\/rdn\/?post_type=product&#038;p=2069"},"modified":"2025-08-14T12:23:06","modified_gmt":"2025-08-14T09:23:06","slug":"bloom-power-1-l","status":"publish","type":"product","link":"https:\/\/uxstudio.com.tr\/rdn\/urun\/bloom-power-1-l\/","title":{"rendered":"Bloom Power 1 L"},"content":{"rendered":"<p>Bloom Power<br \/>\n\u00c7i\u00e7ekli bitkiler ve ekinler i\u00e7in geli\u015ftirilmi\u015f do\u011fal g\u00fcbre ve biyo-uyar\u0131c\u0131<br \/>\n\u2022 \u00c7e\u015fitli eser elementler ve do\u011fal bitki hormonlar\u0131 i\u00e7erir.<br \/>\n\u2022 Amino asitler a\u00e7\u0131s\u0131ndan zengindir.<br \/>\n\u2022 Patojenik mantarlara kar\u015f\u0131 artan diren\u00e7 sa\u011flar.<br \/>\n\u2022 S\u00fcrg\u00fcn olu\u015fumunu ve \u00e7i\u00e7ek h\u00fccrelerinin \u00fcretimini uyar\u0131r.<br \/>\n\u2022 Nihai \u00fcr\u00fcnde belirgin bir tat art\u0131\u015f\u0131 sa\u011flar<\/p>\n<p>Kompozisyon:<br \/>\n\u2022 Kuru madde % 60<br \/>\n\u2022 Organik madde % 39<br \/>\n\u2022 \u00c7\u00f6z\u00fcn\u00fcr potasyum K2O % 2<br \/>\n\u2022 Toplam Azot (organik) % 1<\/p>\n<p>Kapsaml\u0131 bir \u00fcr\u00fcn analizi i\u00e7in web sitesine bak\u0131n.<\/p>\n<p>Ba\u015fvuru:<br \/>\nBitki veya mahsul\u00fcn b\u00fcy\u00fcme a\u015famas\u0131nda sulama suyuna g\u00fcnl\u00fck olarak ekleyin.<\/p>\n<p>Dozaj:<br \/>\n1 ml ila 1 litre sulama suyu (1:1000)<br \/>\nOECD 301B standartlar\u0131na g\u00f6re \u00fcretilmi\u015ftir. Onayl\u0131 girdi Konsey Y\u00f6netmeli\u011fi (EU)834\/2007<br \/>\nve 889\/2008. Biyolojik mahsul \u00fcretim y\u00f6ntemlerine ili\u015fkin Ek II.<\/p>\n<p>Net a\u011f\u0131rl\u0131k:<br \/>\n129 gr \/ 100 ml 271 gr \/ 250 ml 521 gr \/ 0,5 L 1112 gr \/ 1 L 5350 gr \/ 5 L<\/p>\n<p>Uygun:<br \/>\n100ml, 250ml, 0.5L, 1L, 5L<\/p>\n<p>Depolama s\u0131cakl\u0131\u011f\u0131:<br \/>\nen az 5 santigrat derece<\/p>\n","protected":false},"excerpt":{"rendered":"<p>Bloom Power \u00c7i\u00e7ekli bitkiler ve ekinler i\u00e7in geli\u015ftirilmi\u015f do\u011fal g\u00fcbre ve biyo-uyar\u0131c\u0131 \u2022 \u00c7e\u015fitli eser elementler ve do\u011fal bitki hormonlar\u0131 i\u00e7erir. \u2022 Amino asitler a\u00e7\u0131s\u0131ndan zengindir. \u2022 Patojenik mantarlara kar\u015f\u0131 artan diren\u00e7 sa\u011flar. \u2022 S\u00fcrg\u00fcn olu\u015fumunu ve \u00e7i\u00e7ek h\u00fccrelerinin \u00fcretimini uyar\u0131r. \u2022 Nihai \u00fcr\u00fcnde belirgin bir tat art\u0131\u015f\u0131 sa\u011flar Kompozisyon: \u2022 Kuru madde % 60 [&hellip;]<\/p>\n","protected":false},"featured_media":2065,"comment_status":"closed","ping_status":"closed","template":"","meta":[],"product_cat":[64,50],"product_tag":[],"class_list":{"0":"post-2069","1":"product","2":"type-product","3":"status-publish","4":"has-post-thumbnail","6":"product_cat-rdn-bloom-power","7":"product_cat-rdn-uyaricilar","9":"first","10":"instock","11":"taxable","12":"shipping-taxable","13":"purchasable","14":"product-type-simple"},"_links":{"self":[{"href":"https:\/\/uxstudio.com.tr\/rdn\/wp-json\/wp\/v2\/product\/2069","targetHints":{"allow":["GET"]}}],"collection":[{"href":"https:\/\/uxstudio.com.tr\/rdn\/wp-json\/wp\/v2\/product"}],"about":[{"href":"https:\/\/uxstudio.com.tr\/rdn\/wp-json\/wp\/v2\/types\/product"}],"replies":[{"embeddable":true,"href":"https:\/\/uxstudio.com.tr\/rdn\/wp-json\/wp\/v2\/comments?post=2069"}],"wp:featuredmedia":[{"embeddable":true,"href":"https:\/\/uxstudio.com.tr\/rdn\/wp-json\/wp\/v2\/media\/2065"}],"wp:attachment":[{"href":"https:\/\/uxstudio.com.tr\/rdn\/wp-json\/wp\/v2\/media?parent=2069"}],"wp:term":[{"taxonomy":"product_cat","embeddable":true,"href":"https:\/\/uxstudio.com.tr\/rdn\/wp-json\/wp\/v2\/product_cat?post=2069"},{"taxonomy":"product_tag","embeddable":true,"href":"https:\/\/uxstudio.com.tr\/rdn\/wp-json\/wp\/v2\/product_tag?post=2069"}],"curies":[{"name":"wp","href":"https:\/\/api.w.org\/{rel}","templated":true}]}}