{"id":2094,"date":"2025-07-20T17:13:59","date_gmt":"2025-07-20T14:13:59","guid":{"rendered":"https:\/\/uxstudio.com.tr\/rdn\/?post_type=product&#038;p=2094"},"modified":"2025-08-14T12:20:04","modified_gmt":"2025-08-14T09:20:04","slug":"grow-power-250-ml","status":"publish","type":"product","link":"https:\/\/uxstudio.com.tr\/rdn\/urun\/grow-power-250-ml\/","title":{"rendered":"Grow Power 250 ml"},"content":{"rendered":"<p>GROWPOWER<br \/>\nGROWPOWER, bitki b\u00fcy\u00fcmesini ve \u00e7i\u00e7eklenmeyi te\u015fvik etmek i\u00e7in \u00f6zel olarak geli\u015ftirilmi\u015f g\u00fc\u00e7l\u00fc bir besin sol\u00fcsyonudur. Do\u011fal bitki hormonlar\u0131, 30&#8217;dan fazla eser element ve antioksidanlar i\u00e7eren i\u00e7eri\u011fi, sa\u011fl\u0131kl\u0131 ve g\u00fc\u00e7l\u00fc bitkiler ve bol hasat sa\u011flar.<\/p>\n<p>\u00d6zellikler ve Avantajlar<br \/>\nDo\u011fal bitki hormonlar\u0131: Bitki b\u00fcy\u00fcmesini ve \u00e7i\u00e7eklenmeyi uyaran sitokininler ve oksinler i\u00e7erir.<br \/>\n30&#8217;dan fazla eser element: \u00c7i\u00e7ek tomurcu\u011fu olu\u015fumunu destekler ve bitkinin genel sa\u011fl\u0131\u011f\u0131n\u0131 iyile\u015ftirir.<br \/>\nAntioksidanlar: Biotin, tokoferol, kolin ve karoten meyvelerin sert ve iri olmas\u0131n\u0131 sa\u011flar.<br \/>\nVerim art\u0131\u015f\u0131: \u00c7i\u00e7ek tomurcu\u011fu olu\u015fumunu te\u015fvik eder ve bitki verimini art\u0131r\u0131r.<br \/>\nB\u00fcy\u00fck ve sert meyveler: Antioksidanlar b\u00fcy\u00fck ve sert meyvelerin olu\u015fmas\u0131na yard\u0131mc\u0131 olur.<br \/>\nGeli\u015ftirilmi\u015f tat: Son g\u00fcnlerde geli\u015ftirilmi\u015f bir tat i\u00e7in RDN POWERZYME ile birlikte kullan\u0131n.<br \/>\nSa\u011fl\u0131kl\u0131 bitkiler: Do\u011fal hormon kompleksi ve eser elementler bitkilerin sa\u011fl\u0131kl\u0131 ve g\u00fc\u00e7l\u00fc kalmas\u0131n\u0131 sa\u011flar.<br \/>\nEsneklik: \u00c7e\u015fitli NPK g\u00fcbreleriyle ve \u00e7e\u015fitli substratlarda (toprak, Hindistan cevizi, ta\u015f y\u00fcn\u00fc vb.) birlikte kullan\u0131labilir.<br \/>\nKullan\u0131m\u0131 kolay: Uygulamas\u0131 basittir ve \u00f6zel bir bilgi veya ekipman gerektirmez.<br \/>\nMaliyet etkindir: Verimi art\u0131r\u0131r ve meyve kalitesini iyile\u015ftirir, uzun vadede maliyet tasarrufu sa\u011flar.<br \/>\nBa\u015fvuru<br \/>\nKullan\u0131m\u0131: Groei Max&#8217;\u0131 bitkinin \u00e7i\u00e7eklenme d\u00f6neminde her sulamaya ekleyin.<br \/>\nEn iyi sonu\u00e7lar:<br \/>\nBol \u00e7i\u00e7eklenme ve b\u00fcy\u00fck meyvelerle daha y\u00fcksek verim elde etmek i\u00e7in RDN POWERBOOSTER ile birlikte kullan\u0131n .<br \/>\nEn iyi lezzet i\u00e7in son birka\u00e7 g\u00fcn sadece RDN SUPERZYME Fert ile durulay\u0131n .<br \/>\n\u00d6nerilen kombinasyon:<br \/>\nNPK Toprak Bile\u015feni ile birlikte kullan\u0131l\u0131r .<br \/>\nDi\u011fer NPK g\u00fcbreleriyle birlikte de kullan\u0131labilir.<br \/>\nEkstra \u0130pu\u00e7lar\u0131<br \/>\nD\u00fczenli Kullan\u0131m: En iyi sonucu almak i\u00e7in \u00e7i\u00e7eklenme d\u00f6neminde her sulamada bu \u00fcr\u00fcn\u00fc kullan\u0131n.<br \/>\nDi\u011fer \u00fcr\u00fcnlerle kombinasyon: Bitkilerinizde en iyi sonu\u00e7lar\u0131 elde etmek i\u00e7in BIO-G-POWER \u00fcr\u00fcnlerinin farkl\u0131 kombinasyonlar\u0131n\u0131 deneyin.<br \/>\nDozu ayarlay\u0131n: Dozu bitkilerinizin \u00f6zel ihtiya\u00e7lar\u0131na ve yeti\u015ftirme ko\u015fullar\u0131na g\u00f6re ayarlay\u0131n.<br \/>\npH de\u011ferine dikkat edin: Besin emilimini en \u00fcst d\u00fczeye \u00e7\u0131karmak i\u00e7in suyun pH de\u011ferinin \u00e7ok y\u00fcksek veya \u00e7ok d\u00fc\u015f\u00fck olmamas\u0131na dikkat edin.<br \/>\nDi\u011fer g\u00fcbrelerle birlikte kullan\u0131n: Bitkileriniz i\u00e7in kapsaml\u0131 bir besin paketi sa\u011flamak amac\u0131yla bu \u00fcr\u00fcn\u00fc di\u011fer NPK g\u00fcbreleriyle birlikte kullan\u0131n.<br \/>\nEk Avantajlar<br \/>\nVerim art\u0131\u015f\u0131: \u00c7i\u00e7ek tomurcu\u011fu olu\u015fumunu te\u015fvik edin ve bitkilerinizin verimini art\u0131r\u0131n.<br \/>\nB\u00fcy\u00fck ve sert meyveler: Bu \u00fcr\u00fcndeki antioksidanlar b\u00fcy\u00fck ve sert meyvelerin olu\u015fmas\u0131na yard\u0131mc\u0131 olur.<br \/>\nGeli\u015ftirilmi\u015f tat: Bu \u00fcr\u00fcn\u00fc son birka\u00e7 g\u00fcn i\u00e7inde RDN POWERZYME ile birlikte kullanmak meyvelerinizin tad\u0131n\u0131 iyile\u015ftirebilir.<br \/>\nSa\u011fl\u0131kl\u0131 bitkiler: Bu \u00fcr\u00fcndeki do\u011fal hormon kompleksi ve eser elementler bitkilerinizin sa\u011fl\u0131kl\u0131 ve g\u00fc\u00e7l\u00fc kalmas\u0131na yard\u0131mc\u0131 olur.<br \/>\nEsneklik: Bu \u00fcr\u00fcn \u00e7e\u015fitli NPK g\u00fcbreleriyle ve \u00e7e\u015fitli substratlarda (toprak, Hindistan cevizi, ta\u015f y\u00fcn\u00fc vb.) birlikte kullan\u0131labilir.<br \/>\nKullan\u0131m\u0131 kolay: Bu \u00fcr\u00fcn kolayca uygulanabilir ve \u00f6zel bir bilgi veya ekipman gerektirmez.<br \/>\nMaliyet etkin: Meyvelerinizin veriminin artmas\u0131 ve kalitesinin iyile\u015fmesi nedeniyle bu \u00fcr\u00fcn uzun vadede size para kazand\u0131rabilir.<br \/>\nNeden GROWPOWER?<br \/>\nGROWPOWER, hem profesyonel yeti\u015ftiriciler hem de amat\u00f6r bah\u00e7\u0131vanlar i\u00e7in g\u00fcvenilir ve etkili bir besin \u00e7\u00f6z\u00fcm\u00fcd\u00fcr. Do\u011fal bitki hormonlar\u0131, eser elementler ve antioksidanlardan olu\u015fan benzersiz bile\u015fimi sayesinde, bu \u00fcr\u00fcn bitkilerin sa\u011fl\u0131kl\u0131 b\u00fcy\u00fcme, bol \u00e7i\u00e7eklenme ve bol hasat i\u00e7in ihtiya\u00e7 duydu\u011fu her \u015feyi sa\u011flar. \u0130ster toprakta, ister hindistan cevizinde veya kaya y\u00fcn\u00fcnde yeti\u015ftirin, GROWPOWER optimum bitki geli\u015fimi i\u00e7in ideal se\u00e7imdir.<\/p>\n<p>Daha fazla bilgi veya sorular\u0131n\u0131z i\u00e7in her zaman \u00fcreticiyle ileti\u015fime ge\u00e7ebilirsiniz.<\/p>\n","protected":false},"excerpt":{"rendered":"<p>GROWPOWER GROWPOWER, bitki b\u00fcy\u00fcmesini ve \u00e7i\u00e7eklenmeyi te\u015fvik etmek i\u00e7in \u00f6zel olarak geli\u015ftirilmi\u015f g\u00fc\u00e7l\u00fc bir besin sol\u00fcsyonudur. Do\u011fal bitki hormonlar\u0131, 30&#8217;dan fazla eser element ve antioksidanlar i\u00e7eren i\u00e7eri\u011fi, sa\u011fl\u0131kl\u0131 ve g\u00fc\u00e7l\u00fc bitkiler ve bol hasat sa\u011flar. \u00d6zellikler ve Avantajlar Do\u011fal bitki hormonlar\u0131: Bitki b\u00fcy\u00fcmesini ve \u00e7i\u00e7eklenmeyi uyaran sitokininler ve oksinler i\u00e7erir. 30&#8217;dan fazla eser element: \u00c7i\u00e7ek [&hellip;]<\/p>\n","protected":false},"featured_media":2099,"comment_status":"closed","ping_status":"closed","template":"","meta":[],"product_cat":[15,63,50],"product_tag":[],"class_list":{"0":"post-2094","1":"product","2":"type-product","3":"status-publish","4":"has-post-thumbnail","6":"product_cat-genel","7":"product_cat-rdn-grow-power","8":"product_cat-rdn-uyaricilar","10":"first","11":"instock","12":"taxable","13":"shipping-taxable","14":"purchasable","15":"product-type-simple"},"_links":{"self":[{"href":"https:\/\/uxstudio.com.tr\/rdn\/wp-json\/wp\/v2\/product\/2094","targetHints":{"allow":["GET"]}}],"collection":[{"href":"https:\/\/uxstudio.com.tr\/rdn\/wp-json\/wp\/v2\/product"}],"about":[{"href":"https:\/\/uxstudio.com.tr\/rdn\/wp-json\/wp\/v2\/types\/product"}],"replies":[{"embeddable":true,"href":"https:\/\/uxstudio.com.tr\/rdn\/wp-json\/wp\/v2\/comments?post=2094"}],"wp:featuredmedia":[{"embeddable":true,"href":"https:\/\/uxstudio.com.tr\/rdn\/wp-json\/wp\/v2\/media\/2099"}],"wp:attachment":[{"href":"https:\/\/uxstudio.com.tr\/rdn\/wp-json\/wp\/v2\/media?parent=2094"}],"wp:term":[{"taxonomy":"product_cat","embeddable":true,"href":"https:\/\/uxstudio.com.tr\/rdn\/wp-json\/wp\/v2\/product_cat?post=2094"},{"taxonomy":"product_tag","embeddable":true,"href":"https:\/\/uxstudio.com.tr\/rdn\/wp-json\/wp\/v2\/product_tag?post=2094"}],"curies":[{"name":"wp","href":"https:\/\/api.w.org\/{rel}","templated":true}]}}