{"id":2129,"date":"2025-07-20T17:47:19","date_gmt":"2025-07-20T14:47:19","guid":{"rendered":"https:\/\/uxstudio.com.tr\/rdn\/?post_type=product&#038;p=2129"},"modified":"2025-08-14T11:45:22","modified_gmt":"2025-08-14T08:45:22","slug":"leaf-nutrition-yaprak-gubresi-500-ml","status":"publish","type":"product","link":"https:\/\/uxstudio.com.tr\/rdn\/urun\/leaf-nutrition-yaprak-gubresi-500-ml\/","title":{"rendered":"Leaf Nutrition (yaprak G\u00fcbresi) 500 ml"},"content":{"rendered":"<p>100% do\u011fal yaprak besleme<br \/>\n\u2022 Bitki taraf\u0131ndan \u00e7ok h\u0131zl\u0131 emilir.<br \/>\n\u2022 G\u00fczel, sa\u011fl\u0131kl\u0131 ve ye\u015fil yapraklar.<br \/>\n\u2022 Kullan\u0131mda \u00e7ok ekonomiktir.<\/p>\n<p>RDN yaprak g\u00fcbresi sprey olarak kullan\u0131labilir.<br \/>\nYapraktan \u00e7ok h\u0131zl\u0131 g\u0131da emilimi. D\u00f6ng\u00fcn\u00fcn ba\u015flang\u0131c\u0131ndan \u00e7i\u00e7eklenmenin ikinci haftas\u0131na kadar.<br \/>\n\u00c7i\u00e7ek olu\u015fumu zaman\u0131ndan itibaren artan bir mantar riski vard\u0131r.<\/p>\n<p>\u0130\u00e7eri\u011fi:<br \/>\n(esas) deniz yosunu ve yosun \u00f6zleri. Bunu sa\u011flayan karbonhidratlar, aljinatlar ve betain i\u00e7erir.<br \/>\nbesinlerin emilimi uyar\u0131l\u0131r.<br \/>\nArtan diren\u00e7 ve yaprak b\u00fcy\u00fcmesinin uyar\u0131lmas\u0131n\u0131 sa\u011flayan \u00e7ok miktarda bitki hormonu i\u00e7erir.<\/p>\n<p>Dozaj:<br \/>\n10 litre suya 10 ml (1:1000) 20 ml<br \/>\nDonmadan saklay\u0131n, kullanmadan \u00f6nce iyice \u00e7alkalay\u0131n.<\/p>\n<p>Net a\u011f\u0131rl\u0131k:<br \/>\n 296 gr \/ 250 ml 580 gr \/ 0,5 L 1145 gr \/ 1 L<\/p>\n<p>Uygun: 250ml, 0.5L, 1L<\/p>\n<p>Depolama s\u0131cakl\u0131\u011f\u0131:<br \/>\nen az 5 santigrat derece<\/p>\n","protected":false},"excerpt":{"rendered":"<p>100% do\u011fal yaprak besleme \u2022 Bitki taraf\u0131ndan \u00e7ok h\u0131zl\u0131 emilir. \u2022 G\u00fczel, sa\u011fl\u0131kl\u0131 ve ye\u015fil yapraklar. \u2022 Kullan\u0131mda \u00e7ok ekonomiktir. RDN yaprak g\u00fcbresi sprey olarak kullan\u0131labilir. Yapraktan \u00e7ok h\u0131zl\u0131 g\u0131da emilimi. D\u00f6ng\u00fcn\u00fcn ba\u015flang\u0131c\u0131ndan \u00e7i\u00e7eklenmenin ikinci haftas\u0131na kadar. \u00c7i\u00e7ek olu\u015fumu zaman\u0131ndan itibaren artan bir mantar riski vard\u0131r. \u0130\u00e7eri\u011fi: (esas) deniz yosunu ve yosun \u00f6zleri. Bunu sa\u011flayan [&hellip;]<\/p>\n","protected":false},"featured_media":2126,"comment_status":"closed","ping_status":"closed","template":"","meta":[],"product_cat":[61,49],"product_tag":[],"class_list":{"0":"post-2129","1":"product","2":"type-product","3":"status-publish","4":"has-post-thumbnail","6":"product_cat-rdn-leave-nutrition","7":"product_cat-rdn-temel-besinler","9":"first","10":"instock","11":"taxable","12":"shipping-taxable","13":"purchasable","14":"product-type-simple"},"_links":{"self":[{"href":"https:\/\/uxstudio.com.tr\/rdn\/wp-json\/wp\/v2\/product\/2129","targetHints":{"allow":["GET"]}}],"collection":[{"href":"https:\/\/uxstudio.com.tr\/rdn\/wp-json\/wp\/v2\/product"}],"about":[{"href":"https:\/\/uxstudio.com.tr\/rdn\/wp-json\/wp\/v2\/types\/product"}],"replies":[{"embeddable":true,"href":"https:\/\/uxstudio.com.tr\/rdn\/wp-json\/wp\/v2\/comments?post=2129"}],"wp:featuredmedia":[{"embeddable":true,"href":"https:\/\/uxstudio.com.tr\/rdn\/wp-json\/wp\/v2\/media\/2126"}],"wp:attachment":[{"href":"https:\/\/uxstudio.com.tr\/rdn\/wp-json\/wp\/v2\/media?parent=2129"}],"wp:term":[{"taxonomy":"product_cat","embeddable":true,"href":"https:\/\/uxstudio.com.tr\/rdn\/wp-json\/wp\/v2\/product_cat?post=2129"},{"taxonomy":"product_tag","embeddable":true,"href":"https:\/\/uxstudio.com.tr\/rdn\/wp-json\/wp\/v2\/product_tag?post=2129"}],"curies":[{"name":"wp","href":"https:\/\/api.w.org\/{rel}","templated":true}]}}