{"id":2139,"date":"2025-07-20T17:53:44","date_gmt":"2025-07-20T14:53:44","guid":{"rendered":"https:\/\/uxstudio.com.tr\/rdn\/?post_type=product&#038;p=2139"},"modified":"2025-08-14T12:18:50","modified_gmt":"2025-08-14T09:18:50","slug":"n27-azot-5-l","status":"publish","type":"product","link":"https:\/\/uxstudio.com.tr\/rdn\/urun\/n27-azot-5-l\/","title":{"rendered":"N27% (azot) 5 L"},"content":{"rendered":"<p>RDN N27%<br \/>\nAZOT genel olarak bitkiler i\u00e7in son derece \u00f6nemlidir ve<br \/>\n\u00f6zellikle tar\u0131m \u00fcr\u00fcnleri. Azot (N) b\u00fcy\u00fcmesini te\u015fvik eder<br \/>\nbitkiler ve fotosentez. Proteinler i\u00e7in \u00f6nemli bir yap\u0131 eleman\u0131d\u0131r.<br \/>\nve DNA. Azot eksikli\u011fi veya fazlal\u0131\u011f\u0131 genellikle denizanas\u0131 i\u00e7in sonu\u00e7lar do\u011furur.<br \/>\n&#8211; mahsul\u00fcn niteli\u011fi. N 27 \u00e7ok g\u00fc\u00e7l\u00fc bir s\u0131v\u0131 azotlu g\u00fcbredir ve<br \/>\nbu nedenle kullan\u0131mda \u00e7ok ekonomiktir.<\/p>\n<p>\u00d6zellikler:<br \/>\nGaranti 27 %<\/p>\n<p>Kullan\u0131m talimatlar\u0131:<br \/>\n\u015eiddetli nitrojen eksikli\u011fi durumunda, 10 litre besin \u00e7\u00f6zeltisi ba\u015f\u0131na maksimum 10 ml&#8217;ye kadar ekleyin.<br \/>\nYeti\u015ftirme d\u00f6neminde ek olarak 1-10 ml\/10 litre ekleyin.<\/p>\n<p>Depolama tavsiyesi:<br \/>\n\u00c7ocuklar\u0131n eri\u015femeyece\u011fi yerlerde saklay\u0131n. don \u00fccretsiz<\/p>\n<p>Net a\u011f\u0131rl\u0131k:<br \/>\n1141 g \/ 1 L 5395 g \/ 5 L 1 L, 5 L olarak mevcuttur.<\/p>\n<p>Depolama s\u0131cakl\u0131\u011f\u0131:<br \/>\nen az 5 santigrat derece<\/p>\n","protected":false},"excerpt":{"rendered":"<p>RDN N27% AZOT genel olarak bitkiler i\u00e7in son derece \u00f6nemlidir ve \u00f6zellikle tar\u0131m \u00fcr\u00fcnleri. Azot (N) b\u00fcy\u00fcmesini te\u015fvik eder bitkiler ve fotosentez. Proteinler i\u00e7in \u00f6nemli bir yap\u0131 eleman\u0131d\u0131r. ve DNA. Azot eksikli\u011fi veya fazlal\u0131\u011f\u0131 genellikle denizanas\u0131 i\u00e7in sonu\u00e7lar do\u011furur. &#8211; mahsul\u00fcn niteli\u011fi. N 27 \u00e7ok g\u00fc\u00e7l\u00fc bir s\u0131v\u0131 azotlu g\u00fcbredir ve bu nedenle kullan\u0131mda \u00e7ok [&hellip;]<\/p>\n","protected":false},"featured_media":2137,"comment_status":"closed","ping_status":"closed","template":"","meta":[],"product_cat":[52,76],"product_tag":[],"class_list":{"0":"post-2139","1":"product","2":"type-product","3":"status-publish","4":"has-post-thumbnail","6":"product_cat-rdn-katki-maddeleri","7":"product_cat-rdn-n27-nitrogen","9":"first","10":"instock","11":"taxable","12":"shipping-taxable","13":"purchasable","14":"product-type-simple"},"_links":{"self":[{"href":"https:\/\/uxstudio.com.tr\/rdn\/wp-json\/wp\/v2\/product\/2139","targetHints":{"allow":["GET"]}}],"collection":[{"href":"https:\/\/uxstudio.com.tr\/rdn\/wp-json\/wp\/v2\/product"}],"about":[{"href":"https:\/\/uxstudio.com.tr\/rdn\/wp-json\/wp\/v2\/types\/product"}],"replies":[{"embeddable":true,"href":"https:\/\/uxstudio.com.tr\/rdn\/wp-json\/wp\/v2\/comments?post=2139"}],"wp:featuredmedia":[{"embeddable":true,"href":"https:\/\/uxstudio.com.tr\/rdn\/wp-json\/wp\/v2\/media\/2137"}],"wp:attachment":[{"href":"https:\/\/uxstudio.com.tr\/rdn\/wp-json\/wp\/v2\/media?parent=2139"}],"wp:term":[{"taxonomy":"product_cat","embeddable":true,"href":"https:\/\/uxstudio.com.tr\/rdn\/wp-json\/wp\/v2\/product_cat?post=2139"},{"taxonomy":"product_tag","embeddable":true,"href":"https:\/\/uxstudio.com.tr\/rdn\/wp-json\/wp\/v2\/product_tag?post=2139"}],"curies":[{"name":"wp","href":"https:\/\/api.w.org\/{rel}","templated":true}]}}